ate the remainder when 404590 is divided by 1767.
1714
What is the remainder when 41560 is divided by 457?
430
What is the remainder when 27312 is divided by 447?
45
Calculate the remainder when 478447 is divided by 119568.
175
What is the remainder when 6745014 is divided by 4949?
4476
Calculate the remainder when 4268608 is divided by 1290.
1288
Calculate the remainder when 41309 is divided by 3672.
917
Calculate the remainder when 12924434 is divided by 2965.
2964
What is the remainder when 296047 is divided by 246?
109
Calculate the remainder when 5989677 is divided by 432.
429
Calculate the remainder when 95437 is divided by 3206.
2463
Calculate the remainder when 507746 is divided by 12089.
8
What is the remainder when 1074390171 is divided by 78?
75
Calculate the remainder when 11303158 is divided by 624.
22
Calculate the remainder when 1676302 is divided by 320.
142
Calculate the remainder when 112018 is divided by 36961.
1135
Calculate the remainder when 165131 is divided by 4603.
4026
What is the remainder when 553328 is divided by 3057?
11
What is the remainder when 41877 is divided by 9?
0
What is the remainder when 2282898 is divided by 1141438?
22
Calculate the remainder when 402049 is divided by 3056.
1713
Calculate the remainder when 2026749 is divided by 1013366.
17
What is the remainder when 22909372 is divided by 9?
7
What is the remainder when 4872344 is divided by 181?
5
What is the remainder when 24065785 is divided by 550?
535
What is the remainder when 134934511 is divided by 3?
1
What is the remainder when 1899262 is divided by 326?
312
Calculate the remainder when 2294433 is divided by 342.
297
What is the remainder when 61697951 is divided by 2211?
2207
What is the remainder when 13352886 is divided by 222548?
6
Calculate the remainder when 3668068 is divided by 15.
13
What is the remainder when 908262 is divided by 3490?
862
Calculate the remainder when 2148394 is divided by 1025.
1019
What is the remainder when 3398742 is divided by 5693?
21
What is the remainder when 90808239 is divided by 40?
39
Calculate the remainder when 129079 is divided by 103.
20
What is the remainder when 19698884 is divided by 656629?
14
What is the remainder when 175816 is divided by 786?
538
Calculate the remainder when 6007662 is divided by 1514.
110
What is the remainder when 76477449 is divided by 19916?
9
What is the remainder when 49226416 is divided by 63600?
16
Calculate the remainder when 27186 is divided by 7164.
5694
What is the remainder when 1396015 is divided by 2274?
2053
What is the remainder when 1755397 is divided by 585122?
31
What is the remainder when 2933912 is divided by 6823?
22
Calculate the remainder when 4558955 is divided by 921.
5
Calculate the remainder when 5532845 is divided by 2833.
2829
What is the remainder when 3367392 is divided by 18007?
83
What is the remainder when 709475995 is divided by 49?
46
What is the remainder when 22105 is divided by 5181?
1381
What is the remainder when 2437730 is divided by 1218787?
156
Calculate the remainder when 370176 is divided by 92464.
320
What is the remainder when 239652726 is divided by 18?
6
What is the remainder when 3118522 is divided by 547?
75
Calculate the remainder when 8274215 is divided by 13324.
11
Calculate the remainder when 55398869 is divided by 35.
29
What is the remainder when 2603770 is divided by 1649?
1648
What is the remainder when 14721838 is divided by 9?
7
What is the remainder when 6509154 is divided by 1685?
1684
What is the remainder when 9522868 is divided by 925?
918
Calculate the remainder when 1216684 is divided by 73.
66
Calculate the remainder when 16642947 is divided by 150.
147
What is the remainder when 3092974 is divided by 1030926?
196
What is the remainder when 19342 is divided by 3658?
1052
Calculate the remainder when 1363121 is divided by 272603.
106
What is the remainder when 254765 is divided by 8480?
365
Calculate the remainder when 287760 is divided by 287720.
40
What is the remainder when 8510070 is divided by 17403?
3
Calculate the remainder when 1064007 is divided by 806.
87
What is the remainder when 349455175 is divided by 56?
55
What is the remainder when 30706 is divided by 2130?
886
Calculate the remainder when 28366886 is divided by 333728.
6
What is the remainder when 62792177 is divided by 29?
14
Calculate the remainder when 22294863 is divided by 19.
16
What is the remainder when 626588194 is divided by 1703?
1701
What is the remainder when 861478 is divided by 47849?
196
Calculate the remainder when 5498781 is divided by 1832918.
27
Calculate the remainder when 1515378 is divided by 5451.
0
Calculate the remainder when 13891513 is divided by 114.
43
Calculate the remainder when 5956663 is divided by 1985376.
535
Calculate the remainder when 1896074 is divided by 631923.
305
What is the remainder when 9425088 is divided by 908?
48
What is the remainder when 202303 is divided by 672?
31
What is the remainder when 7142177 is divided by 1081?
10
Calculate the remainder when 3791115504 is divided by 1805.
1804
What is the remainder when 823279 is divided by 11?
6
What is the remainder when 29255133 is divided by 5275?
5258
What is the remainder when 716728 is divided by 357950?
828
Calculate the remainder when 90910 is divided by 2897.
1103
What is the remainder when 995362 is divided by 699?
685
What is the remainder when 77908724 is divided by 142?
140
Calculate the remainder when 312767 is divided by 9459.
620
What is the remainder when 16805390 is divided by 58352?
14
What is the remainder when 5153171 is divided by 286284?
59
What is the remainder when 72281194 is divided by 413?
412
What is the remainder when 293118 is divided by 2?
0
What is the remainder when 463947 is divided by 22043?
1044
Calculate the remainder when 308883 is divided by 157.
64
What is the remainder when 23179613 is divided by 6258?
6239
Calculate the remainder when 29607589 is divided by 106.
93
Calculate the remainder when 2345009 is divided by 781666.
11
Calculate the remainder when 83991 is divided by 252.
75
What is the remainder when 39336 is divided by 38918?
418
Calculate the remainder when 280713 is divided by 344.
9
What is the remainder when 2462789 is divided by 614614?
4333
Calculate the remainder when 8858 is divided by 795.
113
Calculate the remainder when 1475708 is divided by 446.
340
Calculate the remainder when 29411518 is divided by 10.
8
What is the remainder when 1023798 is divided by 341160?
318
Calculate the remainder when 2350730 is divided by 17034.
38
What is the remainder when 2053333 is divided by 684444?
1
Calculate the remainder when 54621358 is divided by 1605.
1603
What is the remainder when 380264 is divided by 3621?
59
Calculate the remainder when 2150579 is divided by 229.
40
What is the remainder when 5222505 is divided by 188?
53
What is the remainder when 1085829 is divided by 327?
189
Calculate the remainder when 7279606 is divided by 11013.
13
Calculate the remainder when 1364171 is divided by 687.
476
What is the remainder when 2935 is divided by 1277?
381
What is the remainder when 60707181 is divided by 8672454?
3
What is the remainder when 28128 is divided by 5573?
263
Calculate the remainder when 463421 is divided by 243.
20
Calculate the remainder when 1495463 is divided by 6390.
203
Calculate the remainder when 7703037 is divided by 136.
133
Calculate the remainder when 712922 is divided by 1417.
171
What is the remainder when 6986023 is divided by 60?
43
Calculate the remainder when 7623684 is divided by 544548.
12
Calculate the remainder when 1098706 is divided by 252.
238
What is the remainder when 10376578 is divided by 17?
16
What is the remainder when 3121183 is divided by 2707?
12
What is the remainder when 112396 is divided by 4156?
184
What is the remainder when 36274964 is divided by 953?
925
What is the remainder when 359164 is divided by 21112?
260
What is the remainder when 30107591 is divided by 410?
61
What is the remainder when 108763 is divided by 36175?
238
Calculate the remainder when 288761 is divided by 5550.
161
What is the remainder when 89290409 is divided by 6849?
6845
What is the remainder when 238125 is divided by 391?
6
Calculate the remainder when 359